41
630 (base 8) to base 14
212
What is 4634 (base 10) in base 12?
2822
-56e7 (base 15) to base 11
-12946
What is -488 (base 10) in base 15?
-228
Convert -13112 (base 5) to base 11.
-859
Convert -1243 (base 5) to base 12.
-146
Convert 80 (base 9) to base 10.
72
What is -6376 (base 10) in base 15?
-1d51
What is -110000100 (base 2) in base 7?
-1063
-21330 (base 4) to base 14
-336
-1300 (base 4) to base 12
-94
1dba (base 16) to base 13
3605
331 (base 11) to base 6
1501
What is 40212 (base 5) in base 12?
1591
Convert 31323030 (base 4) to base 11.
39941
-1242 (base 8) to base 15
-2ee
-1054 (base 9) to base 16
-30a
-3831 (base 13) to base 6
-100543
What is -1201122 (base 3) in base 7?
-3446
What is 352 (base 12) in base 11?
40a
-431 (base 12) to base 6
-2501
What is 121b (base 12) in base 9?
2715
What is -2310 (base 6) in base 5?
-4141
Convert 12a95 (base 11) to base 9.
27475
Convert 1033 (base 14) to base 8.
5345
Convert 1000101001111011 (base 2) to base 5.
2113301
Convert -80d (base 16) to base 10.
-2061
2770 (base 8) to base 14
7b2
What is -13200113 (base 4) in base 8?
-74027
What is -13f (base 16) in base 5?
-2234
Convert 1c15 (base 16) to base 3.
100212021
What is 351 (base 11) in base 8?
643
367 (base 12) to base 16
1ff
Convert 9597 (base 11) to base 14.
48a6
Convert 172234 (base 8) to base 5.
4000440
What is 8760 (base 9) in base 11?
4937
What is 14363 (base 13) in base 15?
b392
-1104 (base 5) to base 14
-b0
4443 (base 13) to base 5
301034
Convert 14507 (base 11) to base 15.
616c
What is -1111011000 (base 3) in base 16?
-7254
-101230121 (base 4) to base 15
-16718
What is 3a7 (base 13) in base 14?
340
-161134 (base 7) to base 2
-111101110001110
What is 10000011000001000 (base 2) in base 16?
10608
336 (base 7) to base 6
450
Convert -20284 (base 12) to base 16.
-a384
What is 1351 (base 7) in base 4?
20032
Convert -1ba (base 12) to base 8.
-436
Convert -1280 (base 12) to base 4.
-201000
What is -54153 (base 9) in base 13?
-13419
What is ec8 (base 16) in base 4?
323020
What is 28a (base 14) in base 2?
1000000010
e3 (base 16) to base 13
146
What is -2486 (base 10) in base 14?
-c98
What is 54f (base 16) in base 12?
953
What is 101001110100101 (base 2) in base 3?
1002101002
Convert 698 (base 13) to base 8.
2163
What is -1500 (base 9) in base 4?
-101232
111011111 (base 2) to base 5
3404
811 (base 12) to base 6
5221
Convert -11100002 (base 4) to base 12.
-10542
What is -1000001011111 (base 2) in base 8?
-10137
What is 363 (base 12) in base 6?
2203
What is -14182 (base 12) in base 11?
-19a55
Convert -23 (base 6) to base 5.
-30
Convert -103374 (base 9) to base 11.
-42271
What is a6a (base 11) in base 7?
3515
Convert 11738 (base 12) to base 9.
35228
12021001 (base 3) to base 12
2277
-55515 (base 6) to base 4
-1321013
What is 2242 (base 7) in base 5?
11224
Convert -34b7 (base 12) to base 11.
-4483
244 (base 8) to base 12
118
Convert -1b9 (base 15) to base 12.
-293
Convert 110 (base 3) to base 6.
20
Convert -103cc (base 15) to base 2.
-1100100100100100
Convert 459 (base 14) to base 6.
3555
What is -1101011010111 (base 2) in base 10?
-6871
What is -3ca (base 14) in base 16?
-2fe
Convert -2876 (base 9) to base 6.
-14023
1121100 (base 3) to base 7
3261
What is -21330 (base 5) in base 8?
-2671
What is -85d (base 14) in base 6?
-11351
155260 (base 8) to base 2
1101101010110000
Convert 9b3 (base 15) to base 9.
3006
What is 44001 (base 5) in base 9?
4104
Convert -4121 (base 6) to base 12.
-641
What is -643 (base 9) in base 7?
-1350
-1585 (base 9) to base 8
-2273
10452 (base 10) to base 7
42321
Convert 100720 (base 9) to base 13.
211b3
112343 (base 7) to base 16
4e68
Convert -11944 (base 14) to base 8.
-123750
What is -8810 (base 9) in base 6?
-50013
Convert 11020022 (base 3) to base 8.
6016
What is -203142 (base 5) in base 12?
-3a40
What is a0c (base 13) in base 2?
11010100110
-101001010 (base 2) to base 12
-236
What is -28b (base 13) in base 14?
-245
What is 9a (base 16) in base 8?
232
What is -5262 (base 7) in base 10?
-1857
1022212021 (base 3) to base 13
bb90
30113 (base 5) to base 7
5364
-1000111110001011 (base 2) to base 8
-107613
What is 223 (base 7) in base 9?
137
Convert -215b (base 12) to base 5.
-104141
-245356 (base 7) to base 2
-1011000001000001
Convert -1099 (base 12) to base 2.
-11100110101
What is 64 (base 7) in base 10?
46
-6065 (base 7) to base 8
-4071
What is 2166 (base 9) in base 8?
3077
24bb (base 12) to base 4
1001033
334 (base 5) to base 14
6a
What is 11153 (base 9) in base 10?
7419
What is 1110110 (base 2) in base 15?
7d
What is -484 (base 10) in base 14?
-268
-151 (base 6) to base 8
-103
31325 (base 6) to base 5
113404
What is 127 (base 9) in base 2?
1101010
What is 1588 (base 9) in base 10?
1214
Convert -46376 (base 9) to base 3.
-1120102120
Convert -76 (base 13) to base 12.
-81
What is 494 (base 11) in base 8?
1113
What is 3210 (base 12) in base 5?
133414
21045 (base 7) to base 12
2bb6
-101134 (base 5) to base 12
-1aa6
-241 (base 9) to base 14
-103
What is 9a7 (base 11) in base 8?
2266
What is 6242 (base 11) in base 15?
26b9
Convert 97a (base 15) to base 8.
4134
What is -100000000011001 (base 2) in base 10?
-16409
Convert -3500 (base 14) to base 12.
-53b8
-124220 (base 6) to base 9
-16463
Convert 420424 (base 5) to base 15.
4194
What is -12305 (base 7) in base 8?
-6247
Convert 21312 (base 4) to base 13.
396
What is -10411 (base 5) in base 3?
-1000002
What is 1011011001100 (base 2) in base 13?
286c
What is 1001100001 (base 2) in base 12?
429
What is -1886 (base 15) in base 12?
-3099
Convert -54130 (base 6) to base 16.
-1ce6
What is -1440032 (base 5) in base 2?
-111011110110010
Convert -163 (base 10) to base 12.
-117
Convert -60056 (base 7) to base 10.
-14447
c9 (base 14) to base 10
177
-3787 (base 10) to base 6
-25311
What is 1116 (base 8) in base 5?
4330
What is -10601 (base 7) in base 5?
-41241
Convert 411 (base 8) to base 7.
526
What is 22002 (base 4) in base 9?
783
1000110101 (base 2) to base 14
2c5
What is -11193 (base 11) in base 13?
-74aa
-1122211220 (base 3) to base 13
-11b5c
What is -21600 (base 8) in base 12?
-5314
Convert 6335 (base 10) to base 6.
45155
-3aa (base 12) to base 9
-684
13134 (base 5) to base 6
4500
Convert -4 (base 7) to base 11.
-4
a (base 12) to base 9
11
Convert -10131 (base 6) to base 8.
-2507
What is 3f83 (base 16) in base 12?
94ab
What is 13121230 (base 4) in base 9?
45524
What is -111111101000 (base 2) in base 16?
-fe8
What is -21b99 (base 13) in base 8?
-167570
Convert 452 (base 8) to base 4.
10222
Convert -6011 (base 13) to base 12.
-7778
Convert 2313 (base 11) to base 4.
233133
-121443 (base 5) to base 15
-1583
What is -31124 (base 5) in base 12?
-121b
What is -685 (base 11) in base 12?
-583
What is 19f7 (base 16) in base 12?
3a1b
Convert 12130 (base 4) to base 14.
216
3232 (base 4) to base 10
238
-20220 (base 4) to base 3
-202110
What is -270 (base 14) in base 16?
-1ea
Convert 97 (base 11) to base 8.
152
Convert -11079 (base 11) to base 12.
-9362
60a (base 12) to base 5
11444
What is 25ce (base 15) in base 16?
1f85
-408 (base 12) to base 2
-1001001000
Convert -211211 (base 6) to base 10.
-17143
61724 (base 8) to base 2
110001111010100
-3d6 (base 16) to base 9
-1311
Convert -35511 (base 7) to base 3.
-110120200
333000 (base 5) to base 2
10110101101001
Convert -1b25 (base 13) to base 10.
-4087
Convert -1121 (base 7) to base 15.
-1c2
What is -30a27 (base 12) in base 4?
-33202333
-3625 (base 10) to base 7
-13366
What is 51c (base 16) in base 8?
2434
What is -3760 (base 8) in base 4?
-133300
What is 2332 (base 4) in base 8?
276
What is 2041304 (base 5) in base 7?
200664
3321 (base 6) to base 11
63a
153544 (base 6) to base 3
202201201
What is 1c50 (base 13) in base 10?
4290
Convert 1030221 (base 4) to base 13.
2304
What is 6d85 (base 14) in base 8?
45271
-2ac (base 15) to base 6
-2500
What is 1205 (base 7) in base 3?
121112
Convert -1120022 (base 4) to base 8.
-13012
What is -345155 (base 6) in base 14?
-ab4b
Convert 2117 (base 9) to base 4.
120103
1c8b (base 16) to base 2
1110010001011
Convert 1001000111 (base 2) to base 5.
4313
-16c (base 13) to base 11
-216
What is -10032 (base 5) in base 12?
-456
-422044 (base 6) to base 10
-34156
Convert 1926 (base 10) to base 7.
5421
What is -2111011120 (base 3) in b